me number?
False
Suppose 5*s + 5*w = 976306 + 71089, 2 = w. Is s a composite number?
False
Suppose 5*p - 8*p + 9 = 0. Suppose 2*o - 26 = -4*x, 2*o + p*x - 3 - 22 = 0. Let w(j) = 2*j**3 - 12*j**2 - 12*j + 9. Is w(o) prime?
True
Suppose -2*y + 63 = 23. Suppose -4988 = -5*c + 2*h, 2*h = -16*c + y*c - 3990. Is c prime?
False
Let j be -215128*(-12)/24*2/4. Suppose -10530 = -8*p + j. Is p a prime number?
True
Suppose -5*n + 146 = -0*n - 2*d, -2*d + 34 = n. Suppose 6*r + 6 = -n. Is 1576/(-10)*15/r composite?
True
Let r(z) = 11451*z**2 - 1. Let b be r(-1). Let y = -6565 + b. Suppose -101*s = -96*s - y. Is s a composite number?
False
Suppose 0 = -3*q + 4*m - 14, -12 = 3*q + q - 4*m. Let o be -3 - (-340 - (q - 0)). Suppose 3*x + 5*u - 1335 = -x, -x + 4*u = -o. Is x a prime number?
False
Suppose 53 - 1498 = 5*p. Let v = 395 - -187. Let g = v + p. Is g a prime number?
True
Let f = -50891 + 115370. Is f a composite number?
True
Let m = 412 - 440. Let d(j) = -j**3 - 14*j**2 + 2*j + 95. Is d(m) composite?
True
Is (85962 - (-7 + 9)) + -5 prime?
False
Let r(c) = 181*c**3 + 2*c**2 + 3*c. Suppose -5*y + 3*d = 9, -5*d - 2 = 8. Let m be r(y). Let v = m - -6835. Is v a prime number?
False
Let u(l) = -33*l + 3 - 25*l + 61*l + 17*l**2. Let s be u(-9). Suppose -842 - s = -5*j. Is j a prime number?
True
Is ((-432)/(-88))/(-9) - ((-597618)/66)/7 a prime number?
False
Let t(v) = v**3 - 12*v**2 - 2*v + 30. Let k be t(12). Suppose k*h = -6*h + 22212. Is h prime?
False
Let v = 245 + -519. Let b = -116 - v. Let i = b + 1203. Is i a composite number?
False
Let z(h) = -h**2 + 25*h + 4. Let m be z(-9). Let y = 691 + m. Is y composite?
False
Suppose 0 = -4*q + 4*z + 86776, q + 5*z - 4053 - 17623 = 0. Is q a prime number?
False
Suppose -21 = i + 4*g, i + 73 = -4*i - 4*g. Let c(h) = -734*h - 41. Is c(i) composite?
True
Suppose 21*a - 184 = -2*a. Suppose -2422 + 369326 = a*x. Is x prime?
True
Suppose 6024 = -4*v + 12*v. Suppose 4*q = v + 1303. Is q*((-52)/(-72) - (-6)/(-27)) composite?
False
Suppose 5*o = 2*g - 743, 110 = -5*o + 3*g - 632. Let d = -211 - o. Let t = 1187 - d. Is t composite?
False
Suppose -9*u - 693 + 9 = 0. Let o = u + 60. Is ((9/2)/3)/(o/(-8864)) a prime number?
False
Let o = -58 - -61. Suppose -z = -5*u + u + 175, -5*z - 875 = o*u. Let g = z + 366. Is g a prime number?
True
Let g = -27698 + 70339. Is g a composite number?
False
Let l be (15067/2)/(23/46). Suppose 7*f = -l + 66356. Is f a composite number?
True
Suppose 5*p + 11*z = -19 - 27, 5*p = z - 34. Let h(x) = 484*x - 35. Let d(m) = -242*m + 17. Let q(j) = 9*d(j) + 4*h(j). Is q(p) prime?
False
Let x(h) = -5*h**2 - 7*h + 5. Let b(p) = -p**2 - p - 1. Let c(r) = -4*b(r) - x(r). Is c(-8) composite?
False
Let q(y) = -y + 9. Let j be q(9). Suppose j*d = d + 12. Let z(w) = -114*w - 7. Is z(d) composite?
False
Let q(d) = 221 - 139 - 711*d + 100. Is q(-15) a prime number?
True
Let r = 184982 - 74236. Is r composite?
True
Let p(g) = 921*g**3 + 16*g**2 - 22*g + 5. Is p(6) a prime number?
False
Is ((-136)/(-16) - 8)/((-3)/(-331206)) a composite number?
False
Let o(g) = -874*g - 38. Let w(q) = -875*q - 40. Let d(i) = 4*o(i) - 3*w(i). Is d(-3) a composite number?
True
Is 7121411/33 + (-10)/(-15) composite?
False
Suppose 2*a = -0*a - 2*g + 256, 510 = 4*a + 2*g. Let i = -3410 + 3602. Let s = i + a. Is s prime?
False
Let q = 264605 + -183616. Is q a composite number?
False
Let z be 3 + 32/24*264. Suppose -z*t + 348*t = -38969. Is t prime?
False
Let x = -410905 - -862892. Is x composite?
False
Suppose 18*z - 4446441 - 4436217 = 0. Is z composite?
False
Let v(i) = -173*i + 82. Let f be v(3). Let b be 2810/(-4) + 3/6. Let x = f - b. Is x a composite number?
True
Suppose 7*h - 91 = -28. Is ((-11379)/h)/(1 + (-8)/6) a prime number?
True
Suppose 0 = -g - 3*x + 7, 4*x - 3 - 1 = -g. Is g/16 - (-18576 - 0) a composite number?
True
Let k be 78/(-4)*12/18. Let q(j) = -4*j - j + 11*j**2 + 0*j + 25 + 0*j. Is q(k) composite?
False
Let q(z) = 28*z**2 - 60*z + 757. Is q(42) composite?
False
Suppose -8*s + 16*s - 24 = 0. Suppose -q + 4*w + 11681 = 0, 4*q + 0*q - 46711 = s*w. Is q a composite number?
False
Let h be (20/15)/((-6)/(-9)). Suppose 5*j = -q + 12, h*q + 4*j - 10 = q. Is (-2117)/(-9) - (80/(-45) + q) a prime number?
False
Suppose 3*f = -2*t + 36473, 23*t - 4*f = 24*t - 18249. Is t a prime number?
True
Let t be (3 - 1)*(-6)/(-4). Suppose z - 28 = t*w + 20, w = 3*z - 152. Let l = 74 - z. Is l composite?
False
Let o(y) = -173*y + 70. Let f be o(-10). Suppose p - 3*u - 10075 - f = 0, p = -5*u + 11843. Is p composite?
False
Let p be -2 + (2 - 4)/(-2). Let b be (-8)/(p/((-724)/8)). Let f = b - -1691. Is f a composite number?
False
Suppose 74*g - 4*f = 75*g - 25249, 4*g - 100996 = 2*f. Is g a composite number?
True
Let i(w) be the third derivative of w**8/20160 + w**7/630 - w**6/120 + w**5/12 + 2*w**2. Let l(h) be the third derivative of i(h). Is l(17) prime?
True
Let s(j) = j**3 + 16*j**2 + 9*j + 8. Suppose -5*l + 6*l = 0. Suppose 3*h - h + 13 = k, l = 5*h - 4*k + 34. Is s(h) a composite number?
True
Let k = 843 + -843. Suppose -31*v + 25*v + 123330 = k. Is v prime?
False
Suppose 0 = 1807*j - 1802*j - i - 1499852, 599931 = 2*j + i. Is j composite?
False
Suppose -s - 4*a = -174 - 3129, -2*a = -s + 3297. Let p = -1479 + -261. Let d = s + p. Is d a prime number?
True
Let r(z) = -2*z + 7 - 3*z - 9*z + 13*z. Let f be r(4). Suppose 0*j - f*n - 2221 = -j, n + 6663 = 3*j. Is j prime?
True
Let u(c) = 535*c**2 - 112*c + 65. Is u(8) prime?
True
Suppose 4*b - 5*a = -8*a - 142, -a = 2*b + 70. Is (-14)/(-119)*-1 - 53418/b a prime number?
True
Let r(w) = -9 + 17 - 10 - 147*w. Suppose 37 = -5*t - b - 1, -3*t - 27 = 2*b. Is r(t) composite?
True
Let d(r) = 12*r**2 + 49*r + 1090. Is d(-53) prime?
False
Let s(w) = -w**2 - 10*w + 26. Let f be s(-11). Suppose 11462 = 2*v + 4*h, 4*v + 17*h - f*h - 22942 = 0. Is v composite?
False
Let j(u) = -15415*u - 2754. Is j(-7) prime?
False
Let r = 40359 - -12292. Is r a prime number?
False
Let o = 391853 + -186742. Is o a composite number?
False
Suppose 0 = -3325*t + 3344*t - 322259. Is t composite?
True
Let n = 339283 + -236157. Is n prime?
False
Let j(p) = -34*p - 2119 + 23091 + 45*p - 2965. Is j(0) a composite number?
True
Let m = -43 + 37. Let g be -6 + (-1984)/(-6) - 2/m. Let x = g - 176. Is x a prime number?
True
Let t(c) = 50*c**2 + 11*c + 206. Is t(17) a prime number?
True
Let k(p) = 7*p**2 + 62*p - 298. Is k(23) prime?
True
Let h = 36 + -49. Let q(y) = y**2 + 14*y + 13. Let v be q(h). Suppose 2*f - 3*j - 382 = 0, -3*f + 573 = -v*f - j. Is f a composite number?
False
Let c(o) = 918*o**3 - 5*o**2 + 14*o - 20. Is c(3) composite?
False
Let c(h) = 1249*h - 46. Let p(o) = -2*o + 1. Let g(j) = -c(j) - 2*p(j). Is g(-3) a prime number?
True
Let w(k) = -3*k**2 - 8*k + 122. Let o be w(0). Suppose 128*g - o*g = 24294. Is g a prime number?
True
Suppose -3*o + 3*r = -o - 15, -4*r - 20 = 5*o. Suppose 0 = 3*c - 6 - 0. Suppose 0 = -o*b - 3*b - 5*w + 7357, -c*w = b - 2451. Is b composite?
False
Suppose 168*u - 10769796 = 132*u. Is u composite?
True
Let j = -209 - -394. Suppose 2*w = -5*c + 270, -2*w - c + j = -93. Suppose 4*m - w = -4*o, -3*m + 76 + 63 = 4*o. Is o composite?
True
Let o(u) = -u**3 + 11*u**2 + 7. Let v be o(11). Suppose 425 = -v*m + 2*m. Let r = m - -159. Is r composite?
True
Suppose 3*v - 1 = 2*k, -2*v = -5*k - 20 + 12. Is ((-370)/(-3) - v)*21 a composite number?
True
Let l = 241 - 242. Is (-69 - -68)*5639*l a composite number?
False
Let m be (2 - (-196)/6)/((-40)/(-2460)). Suppose 0 = -3*q - 137 - 2176. Let u = m + q. Is u a composite number?
False
Let y = 150150 + -30691. Is y a prime number?
False
Suppose -2*f - 4*g - 52028 = 0, -8*g = -2*f - 3*g - 51983. Let k = 3913 - f. Is k prime?
True
Suppose 280*a - 281*a = -180413. Is a prime?
True
Is (8496/108)/(12/175401) prime?
False
Let q(j) = -j**3 + 13*j**2 + 7*j - 26. Let r be q(13). Let b be 50/13 + 10/r. Suppose -b*o = -6*o + 614. Is o a prime number?
True
Let a be (-3 + (-15)/(-6))*-375112. Is 20/130 - a/(-52) composite?
False
Let a = -558 + 1621. Let f = 12474 + a. Is f a composite number?
False
Let t(w) = 813*w**3 + w**2 - 2*w + 2. Let d = 6 - 5. Let i be t(d). Let j = i - 335. Is j a composite number?
False
Suppose 1766*v - 1765*v - 1537657 = 0. Is v a p